(x) = -x**2 + 9*x - 10. What is t(z)?
4
Let l(u) = -2*u + 3. Let b(h) = -5*h + 10. Let g(d) = 3*b(d) - 8*l(d). What is g(-5)?
1
Let d be ((-12)/(-2))/(4 - 2). Let q(c) be the first derivative of c**4/4 - c**3 - 4*c - 15. Calculate q(d).
-4
Let z = 7 - 5. Let p = z - -1. Let w(v) = v - 1. Let y(s) = s + 1. Let t(j) = -w(j) - y(j). Give t(p).
-6
Let a(x) = 5*x - 3*x - 6*x - x + 2. Give a(4).
-18
Let x(v) = v**2 + 6*v - 10. Let d be x(-7). Let m(t) be the third derivative of -1/6*t**4 + 0*t**3 + 1/120*t**6 + 2*t**2 + 0 + 0*t + 1/30*t**5. Give m(d).
3
Let a be 4/18 - (-1208)/72. Let q(g) = 7*g**2 + 7. Let v(b) = -20*b**2 - 21. Let z(r) = a*q(r) + 6*v(r). What is z(0)?
-7
Let c(o) be the second derivative of 1/3*o**3 - o + 1/24*o**5 + 1/360*o**6 + 0*o**2 + 0 + 1/24*o**4. Let b(z) be the second derivative of c(z). Calculate b(-5).
1
Suppose 6 = -4*m + 2*m + 3*j, -2*j - 4 = -4*m. Suppose -2*q - 8 = 4*p - q, -4*p = m*q. Let c(r) = -4*r - 2. Give c(p).
10
Let t(v) = v**3 - 3*v**2 - 11*v + 11. Let l(m) = m**2 + 4*m - 4. Let q(y) = -11*l(y) - 4*t(y). Give q(1).
-3
Let x = 5281/20 + -264. Let z(j) be the second derivative of 0 + 1/6*j**3 - 4*j - x*j**5 + 1/2*j**2 + 1/12*j**4. Give z(0).
1
Suppose 4*b = -4*n - 8, -7*n + 5*b = -2*n + 60. Let j(l) = l**3 + 6*l**2 - 6*l + 8. Determine j(n).
1
Let d(v) = v - 2. Let x(q) = 7*q + 17. Let g(a) = 4*a + 9. Let w(k) = 5*g(k) - 3*x(k). Let m be w(-10). Calculate d(m).
2
Let f(q) = -q**3 + 4*q**2 - 3*q - 2. Let d = 4 + -7. Let p be (16/(-12))/(1/d). Let n be ((-3)/p)/(4/(-16)). Give f(n).
-2
Suppose 2*c - g = -4*g + 1, c + 5*g = -3. Let h(x) = -1 - x**3 + x**c - 2*x**2 - 1. Suppose 3*a + 7 = 1. Calculate h(a).
2
Let c(w) = -2*w**2 + 33*w - 8. Let x be c(16). Let j(z) = z**2 - 9*z + 12. Determine j(x).
4
Suppose 19 = 2*a - 3*i, 4*a + 2*i + 0*i = 14. Let v(d) = -2*d. What is v(a)?
-10
Let y(g) be the second derivative of g**4/12 + 4*g**3/3 + 3*g**2/2 - 9*g. Calculate y(-4).
-13
Let g(u) = -3*u - 3. Let m be g(-5). Let f be (10/(-4))/((-6)/m). Let p(r) = -r + 5. Calculate p(f).
0
Let b(q) = -2*q - 13. Let i(z) = 11*z + 77. Let m(r) = -34*b(r) - 6*i(r). Let u(d) = -3*d + 30. Let a(s) = 8*m(s) + 5*u(s). What is a(7)?
-3
Let r(x) be the third derivative of -x**7/1680 + x**6/720 + x**5/20 + 7*x**2. Let b(k) be the third derivative of r(k). Give b(-1).
4
Let n(i) = -3*i**3 + 3*i**2 - 2*i + 1. Let w(s) = s**2 + 16*s + 2. Let a be w(-16). What is n(a)?
-15
Let x(t) = -3*t + 5. Let i be (-1 - -6)/(3/3). What is x(i)?
-10
Let x(l) = -26*l + 2*l**2 + 28*l + 2*l**2 + l**3. Calculate x(-4).
-8
Suppose -5*c - 4*v + 1 + 13 = 0, -3*v - 5 = -4*c. Let f(d) = d - 2. Calculate f(c).
0
Let r(k) = 42*k + 35*k + 0 - 8 - 75*k. Calculate r(6).
4
Let o(i) = 0 - i - i**3 + 0*i**3 - 1. Suppose 0 = 3*u - 6*d + 3*d + 3, u + 2*d - 8 = 0. Let b = -2 + u. Give o(b).
-1
Suppose -4*d + 91 = 27. Let a = 10 - d. Let p be 0 + 1/((-2)/a). Let z(y) = -3*y + 4. Give z(p).
-5
Let h = 0 - -3. Let f(v) = 4*v + v**h + 3 - 2*v - 2 + 3*v**2. Give f(-3).
-5
Let y(p) = -p**3 + p**2 - p - 12. Let k = 15 + -11. Suppose k*c - 3*c = 0. Give y(c).
-12
Let j(t) = -5*t**3 - 5*t. Let u(b) = b**3 + b - 1. Let q(v) = -j(v) - 4*u(v). What is q(0)?
4
Let y(g) = -3*g**2 + 4*g + 1. Let l(c) = -2*c**2 + 3*c + 1. Suppose 25 = -5*p + 5*q, 0 = p - 4*p - 3*q - 9. Let a(w) = p*l(w) + 3*y(w). Determine a(1).
-2
Let q be (-9)/(-6)*(-8)/(-6). Let h(g) = -7*g + g**3 + 0*g**2 + 1 + g - 5*g**q - 5. Determine h(6).
-4
Let y(s) = s - 1. Let l(t) = t**2 - 4*t + 7. Let a be l(3). Give y(a).
3
Let y(x) = x**3 - 2*x**2 + 3*x. Suppose 2*r + 4*a = -3*r + 52, r + a = 10. Suppose 4 = 4*t - r. Let d = -2 + t. Give y(d).
6
Let m(f) be the second derivative of -f**4/12 + f**3/6 - f**2/2 + 9*f. What is m(-2)?
-7
Let b(w) = w**2 - 1. Let c be b(2). Let y(m) = -m**2 + 4*m - 2. Give y(c).
1
Let v(r) be the third derivative of r**6/120 + r**5/10 + r**4/6 + r**3/6 - 22*r**2. Give v(-5).
6
Let g(u) be the second derivative of -u**5/20 + 7*u**4/12 + 5*u**3/6 + 9*u**2/2 - 14*u - 1. Give g(8).
-15
Let t(p) = p + 1. Let u be 6/(-9) - (-7)/(-3). Let w be (-21)/14*8/u. Determine t(w).
5
Let x(g) = -7*g**2 + 9*g + 1. Let j = 2 + -3. Let s(n) = -n**2 + n + 1. Let q(z) = j*x(z) + 6*s(z). Determine q(4).
9
Let k = -1 + 1. Suppose k = 5*i - 5*t, -10 = -0*i - i - 4*t. Let l(x) = -2*x**3 - 6*x**i + x**3 + 5 - 2 - 2. Calculate l(-6).
1
Let q(c) be the first derivative of c**2 + c - 20. Calculate q(1).
3
Let c(s) be the third derivative of -s**4/8 + 7*s**3/6 + 33*s**2. Suppose 3*f + 14 = 4*x, 6 = 4*x - 4*f - 6. Calculate c(x).
-8
Let j(o) be the third derivative of -o**9/60480 + o**8/10080 + o**7/2520 - o**6/360 - o**5/20 - 2*o**2. Let n(b) be the third derivative of j(b). Give n(2).
2
Let n(x) = -6 - x + 0 + 2. Suppose -5*q = -2*q + 15. Calculate n(q).
1
Let w(d) = -d + 5. Let r(l) = l**2 - 7*l + 1. Let y be r(6). Let n = 9 + y. Calculate w(n).
1
Let o(c) be the second derivative of -c**4/12 - c**3 + 9*c. What is o(-5)?
5
Let c(k) = -k**2 + k. Suppose 0 = -3*s + 4*s. Let p(x) = x + 7. Let m be p(s). Let r = 10 - m. Give c(r).
-6
Let q = -29 + 26. Let f(o) = -2*o + 4. Calculate f(q).
10
Let i(u) = u**3 + 3*u**2 + 2*u. Let x(z) = z - 7. Let j be x(4). Let k be i(j). Let h = k + 4. Let a(l) = 2*l + 2. Determine a(h).
-2
Let t(q) be the second derivative of q**4/8 + q**3/6 + q**2/2 - 5*q. Let g(m) be the first derivative of t(m). What is g(2)?
7
Let l(g) = 4*g - 6. Suppose -v - 5*r + 6 = 0, 5*r - 3*r = 0. Determine l(v).
18
Let v(b) = -b**3 - 5*b**2 + 15*b + 3. Let f = 9 + -16. Let h be v(f). Let q(c) = -c**2 - 4*c - 1. Give q(h).
-1
Let y be 10 + 9/3 + -5. Let z(g) = g**2 - 7*g - 3. Determine z(y).
5
Let u(j) = 4*j**2 + 4*j - 2. Let l(d) = -11*d**2 - 11*d + 5. Let r(y) = -3*l(y) - 8*u(y). Determine r(-4).
13
Suppose 0 = 2*f - 5*f + 15. Let i = f + -2. Let n(o) be the second derivative of o**5/20 - o**4/6 - o**3/6 - 2*o**2 + 12*o. What is n(i)?
2
Let a = -115 - -115. Let c(f) be the third derivative of -1/4*f**4 - f**2 - 1/60*f**5 + a + 1/2*f**3 + 0*f. Calculate c(-6).
3
Let x be (-30)/(-4) + 3/(-6). Let m(c) = 0*c + x + 0*c - c. Determine m(5).
2
Let y = 40 - 26. Let b be 38/y + 4/14. Let k(s) = -s**2 + 2 - 5*s**b - s + 6*s**3 - 4*s. Calculate k(3).
5
Let f(t) = 2*t**3 - 9*t. Let p(u) = u**3 - 5*u. Let w(o) = -3*f(o) + 5*p(o). What is w(-2)?
4
Let r(d) = -7*d**3 + d**2 - 6. Let n(t) = t**3 - t**2. Let o(p) = -6*n(p) - r(p). Calculate o(-5).
6
Suppose -c = -2 - 6. Suppose -c*o = -11*o - 3. Let z(h) = -5*h - 1. Determine z(o).
4
Suppose -4*w = -2*w - 2. Suppose -2 = -c - w. Let t(d) be the second derivative of -d**5/20 + d**4/12 - d**3/3 + d**2/2 - d. What is t(c)?
-1
Let t(h) = -2*h - 4. Let f(o) = -o - 3. Let z(n) = 3*f(n) - 2*t(n). Give z(3).
2
Let j = 1 - -3. Let s(g) = -g**3 + 3*g**2 + 3*g - 6. Calculate s(j).
-10
Let g(k) = -k - 2. Suppose 3*c + 27 = -3*b, -3*c + 3 = -3*b + 12. Give g(c).
4
Let h(z) = 1. Let s(o) = -2*o - 7. Let k(y) = -3*h(y) - s(y). Suppose -6 = -r - 5*c, 4*r - 5*c + 14 = 3*r. Determine k(r).
-4
Let b(x) = x**2 + 8*x + 5. Let m be b(-9). Let a = -26 + m. Let h be 2/3 + 56/a. Let q(v) = v. Give q(h).
-4
Let a(n) = n**2. Let z(q) = -q**2 + 10*q - 13. Let m be z(8). What is a(m)?
9
Suppose s - 3*u + 1 = 0, -s + 5 + 0 = 3*u. Let h(i) be the third derivative of i**5/60 + i**4/8 - i**3/2 - i**2. Determine h(s).
7
Let o = -7 - -7. Suppose 5*b + o*b - 5 = 0. Let l(y) = -y**3 + y**2. Calculate l(b).
0
Let c(p) = p - 2 + 3 - 3*p. Let f(a) = -a**2 - 7*a - 3. Suppose 2*k + 8 = -4. Let i be f(k). What is c(i)?
-5
Let m be (4/(-6))/(6/(-153)). Suppose m = 3*c + 5. Suppose -4*d = -d, -2*j = -3*d - c. Let g(p) = p**3 - 3*p + 2. What is g(j)?
4
Let c(a) = -1 + 3*a**2 + 0*a**2 - 2*a - 7*a**2. What is c(-1)?
-3
Let t(g) = -g**3 + 4*g**2 - 2*g + 1. Let d be (-3)/15 - (-112)/10. Suppose -4*j + d = -5. Calculate t(j).
-7
Let q be 12/10 + (-2)/10. Let z = -1 - -5. Let s(u) = -3*u**3 - 4*u**2 + z*u**2 + 2*u - 1. Determine s(q).
-2
Let z(h) = 2*h**2 + 3 + 0*h**2 + 2*h + 0 - 4*h. What is z(2)?
7
Let s(m) = -m**3 + m**2 - 1. Let o(v) = -v**3 + 4*v**2 - 4*v + 2. Let j be o(3). What is s(j)?
1
Let i be 1 + 1 + 0/(-8). Suppose -c - 2*c - 7 = -2*a, -i*c - 3*a + 17 = 0. Let o(g) = 5*g - 1. Give o(c).
4
Let u = -13 + 7. Let d(x) = x +